{"id":344,"date":"2021-11-19T03:10:59","date_gmt":"2021-11-19T03:10:59","guid":{"rendered":"https:\/\/huyhoangjsc.vn\/?page_id=344"},"modified":"2021-12-08T08:35:07","modified_gmt":"2021-12-08T08:35:07","slug":"tin-tuyen-dung","status":"publish","type":"page","link":"https:\/\/huyhoangjsc.vn\/?page_id=344","title":{"rendered":"TIN TUY\u1ec2N D\u1ee4NG"},"content":{"rendered":"<style>.wp-block-kadence-spacer.kt-block-spacer-_f4ccb2-c8 .kt-block-spacer{height:10px;}.wp-block-kadence-spacer.kt-block-spacer-_f4ccb2-c8 .kt-divider{border-top-width:2px;border-top-color:#eee;width:100%;border-top-style:solid;}<\/style>\n<div class=\"wp-block-kadence-spacer aligncenter kt-block-spacer-_f4ccb2-c8\"><div class=\"kt-block-spacer kt-block-spacer-halign-center\" style=\"height:10px\"><hr class=\"kt-divider\" style=\"border-top-color:#eee;border-top-width:2px;width:100%;border-top-style:solid\"\/><\/div><\/div>\n\n\n\n<p class=\"has-text-align-center\" style=\"font-size:24px\"><br><strong>TUY\u1ec2N D\u1ee4NG<\/strong><\/p>\n\n\n<style>.wp-block-kadence-column.kb-section-dir-horizontal > .kt-inside-inner-col > #kt-info-box_a1bf21-f2 .kt-blocks-info-box-link-wrap{max-width:unset;}#kt-info-box_a1bf21-f2 .kt-blocks-info-box-link-wrap{border-top-width:0px;border-right-width:0px;border-bottom-width:0px;border-left-width:0px;background:#c6e3f1;padding-top:20px;padding-right:20px;padding-bottom:20px;padding-left:20px;}#kt-info-box_a1bf21-f2 .kadence-info-box-icon-container .kt-info-svg-icon, #kt-info-box_a1bf21-f2 .kt-info-svg-icon-flip, #kt-info-box_a1bf21-f2 .kt-blocks-info-box-number{font-size:50px;}#kt-info-box_a1bf21-f2 .kt-blocks-info-box-media{color:#444444;border-top-width:0px;border-right-width:0px;border-bottom-width:0px;border-left-width:0px;padding-top:10px;padding-right:10px;padding-bottom:10px;padding-left:10px;}#kt-info-box_a1bf21-f2 .kt-blocks-info-box-media-container{margin-top:0px;margin-right:15px;margin-bottom:0px;margin-left:15px;}#kt-info-box_a1bf21-f2 .kt-blocks-info-box-link-wrap:hover .kt-blocks-info-box-media{color:#444444;}#kt-info-box_a1bf21-f2 .kt-infobox-textcontent h2.kt-blocks-info-box-title{padding-top:0px;padding-right:0px;padding-bottom:0px;padding-left:0px;margin-top:5px;margin-right:0px;margin-bottom:10px;margin-left:0px;}.wp-block-kadence-infobox#kt-info-box_a1bf21-f2 .kt-blocks-info-box-text{font-size:18px;font-family:Arial, Helvetica, sans-serif;font-style:normal;}#kt-info-box_a1bf21-f2 .kt-blocks-info-box-learnmore{background:transparent;border-width:0px 0px 0px 0px;padding-top:4px;padding-right:8px;padding-bottom:4px;padding-left:8px;margin-top:10px;margin-right:0px;margin-bottom:10px;margin-left:0px;}<\/style>\n<div id=\"kt-info-box_a1bf21-f2\" class=\"wp-block-kadence-infobox\"><a class=\"kt-blocks-info-box-link-wrap info-box-link kt-blocks-info-box-media-align-top kt-info-halign-center\"><div class=\"kt-blocks-info-box-media-container\"><div class=\"kt-blocks-info-box-media kt-info-media-animate-none\"><div class=\"kadence-info-box-icon-container kt-info-icon-animate-none\"><div class=\"kadence-info-box-icon-inner-container\"><span style=\"display:block;justify-content:center;align-items:center\" class=\"kt-info-svg-icon kt-info-svg-icon-ic_people\"><svg style=\"display:inline-block;vertical-align:middle\" viewbox=\"0 0 8 8\" height=\"50\" width=\"50\" fill=\"currentColor\" xmlns=\"http:\/\/www.w3.org\/2000\/svg\" aria-hidden=\"true\"><path d=\"M5.5 0c-.51 0-.95.35-1.22.88.45.54.72 1.28.72 2.13 0 .29-.03.55-.09.81.19.11.38.19.59.19.83 0 1.5-.9 1.5-2s-.67-2-1.5-2zm-3 1c-.83 0-1.5.9-1.5 2s.67 2 1.5 2 1.5-.9 1.5-2-.67-2-1.5-2zm4.75 3.16c-.43.51-1.02.82-1.69.84.27.38.44.84.44 1.34v.66h2v-1.66c0-.52-.31-.97-.75-1.19zm-6.5 1c-.44.22-.75.67-.75 1.19v1.66h5v-1.66c0-.52-.31-.97-.75-1.19-.45.53-1.06.84-1.75.84s-1.3-.32-1.75-.84z\"><\/path><\/svg><\/span><\/div><\/div><\/div><\/div><div class=\"kt-infobox-textcontent\"><h2 class=\"kt-blocks-info-box-title\">CH\u00cdNH S\u00c1CH NH\u00c2N S\u1ef0<\/h2><p class=\"kt-blocks-info-box-text\"><strong>HUYHOANG JSC<\/strong> l\u00e0 c\u00f4ng ty h\u00e0ng \u0111\u1ea7u trong l\u0129nh v\u1ef1c ki\u1ec3m \u0111\u1ecbnh c\u00f4ng tr\u00ecnh v\u00e0 tham gia th\u1ef1c hi\u1ec7n nhi\u1ec1u l\u0129nh v\u1ef1c kh\u00e1c trong ng\u00e0nh x\u00e2y d\u1ef1ng. L\u00e0 th\u00e0nh vi\u00ean c\u1ee7a <strong>HUYHOANG JSC<\/strong> b\u1ea1n kh\u00f4ng ch\u1ec9 \u0111\u01b0\u1ee3c l\u00e0m vi\u1ec7c trong m\u00f4i tr\u01b0\u1eddng chuy\u00ean nghi\u1ec7p, thu nh\u1eadp ph\u00f9 h\u1ee3p v\u1edbi tr\u00ecnh \u0111\u1ed9 v\u00e0 c\u00f4ng s\u1ee9c \u0111\u00f3ng g\u00f3p cho s\u1ef1 ph\u00e1t tri\u1ec3n c\u1ee7a c\u00f4ng ty. C\u00f9ng v\u1edbi c\u00e1c ch\u00ednh s\u00e1ch \u0111\u00e3i ng\u1ed9 nh\u00e2n t\u00e0i, <strong>HUYHOANG JSC <\/strong>c\u00f2n c\u00f3 c\u00e1c ch\u01b0\u01a1ng tr\u00ecnh hu\u1ea5n luy\u1ec7n \u0111\u00e0o t\u1ea1o hi\u1ec7u qu\u1ea3 \u0111\u1ec3 c\u00e1c th\u00e0nh vi\u00ean c\u00f3 c\u01a1 h\u1ed9i th\u0103ng ti\u1ebfn ngh\u1ec1 nghi\u1ec7p.<br\/><em>\u0110\u1ebfn v\u1edbi <strong>HUYHOANG JSC<\/strong> l\u00e0 \u0111\u1ebfn v\u1edbi gia \u0111\u00ecnh th\u00e2n thi\u1ec7n, v\u0103n h\u00f3a nh\u00e2n v\u0103n.<\/em><\/p><\/div><\/a><\/div>\n\n\n\n<p class=\"has-medium-font-size\"><br><strong>TIN TUY\u1ec2N D\u1ee4NG<\/strong><\/p>\n\n\n<ul class=\"wp-block-latest-posts__list wp-block-latest-posts\"><li><a class=\"wp-block-latest-posts__post-title\" href=\"https:\/\/huyhoangjsc.vn\/?p=913\">TH\u00d4NG TIN TUY\u1ec2N D\u1ee4NG K\u1ebe TO\u00c1N N\u0102M 2022<\/a><\/li>\n<li><a class=\"wp-block-latest-posts__post-title\" href=\"https:\/\/huyhoangjsc.vn\/?p=909\">TH\u00d4NG TIN TUY\u1ec2N D\u1ee4NG K\u1ef8 S\u01af N\u0102M 2022<\/a><\/li>\n<li><a class=\"wp-block-latest-posts__post-title\" href=\"https:\/\/huyhoangjsc.vn\/?p=795\">TH\u00d4NG TIN TUY\u1ec2N D\u1ee4NG N\u0102M 2021<\/a><\/li>\n<\/ul>","protected":false},"excerpt":{"rendered":"<p>TUY\u1ec2N D\u1ee4NG TIN TUY\u1ec2N D\u1ee4NG<\/p>\n","protected":false},"author":1,"featured_media":0,"parent":79,"menu_order":1,"comment_status":"closed","ping_status":"closed","template":"","meta":{"neve_meta_sidebar":"","neve_meta_container":"","neve_meta_enable_content_width":"","neve_meta_content_width":0,"neve_meta_title_alignment":"","neve_meta_author_avatar":"","neve_post_elements_order":"","neve_meta_disable_header":"","neve_meta_disable_footer":"","neve_meta_disable_title":"on","footnotes":""},"class_list":["post-344","page","type-page","status-publish","hentry"],"_links":{"self":[{"href":"https:\/\/huyhoangjsc.vn\/index.php?rest_route=\/wp\/v2\/pages\/344","targetHints":{"allow":["GET"]}}],"collection":[{"href":"https:\/\/huyhoangjsc.vn\/index.php?rest_route=\/wp\/v2\/pages"}],"about":[{"href":"https:\/\/huyhoangjsc.vn\/index.php?rest_route=\/wp\/v2\/types\/page"}],"author":[{"embeddable":true,"href":"https:\/\/huyhoangjsc.vn\/index.php?rest_route=\/wp\/v2\/users\/1"}],"replies":[{"embeddable":true,"href":"https:\/\/huyhoangjsc.vn\/index.php?rest_route=%2Fwp%2Fv2%2Fcomments&post=344"}],"version-history":[{"count":9,"href":"https:\/\/huyhoangjsc.vn\/index.php?rest_route=\/wp\/v2\/pages\/344\/revisions"}],"predecessor-version":[{"id":801,"href":"https:\/\/huyhoangjsc.vn\/index.php?rest_route=\/wp\/v2\/pages\/344\/revisions\/801"}],"up":[{"embeddable":true,"href":"https:\/\/huyhoangjsc.vn\/index.php?rest_route=\/wp\/v2\/pages\/79"}],"wp:attachment":[{"href":"https:\/\/huyhoangjsc.vn\/index.php?rest_route=%2Fwp%2Fv2%2Fmedia&parent=344"}],"curies":[{"name":"wp","href":"https:\/\/api.w.org\/{rel}","templated":true}]}}