{"id":372,"date":"2021-11-19T03:41:46","date_gmt":"2021-11-19T03:41:46","guid":{"rendered":"https:\/\/huyhoangjsc.vn\/?page_id=372"},"modified":"2021-12-05T08:43:23","modified_gmt":"2021-12-05T08:43:23","slug":"thi-nghiem-vat-lieu-xay-dung","status":"publish","type":"page","link":"https:\/\/huyhoangjsc.vn\/?page_id=372","title":{"rendered":"Th\u00ed nghi\u1ec7m v\u1eadt li\u1ec7u x\u00e2y d\u1ef1ng"},"content":{"rendered":"<style>.wp-block-kadence-spacer.kt-block-spacer-_0d23b0-e7 .kt-block-spacer{height:10px;}.wp-block-kadence-spacer.kt-block-spacer-_0d23b0-e7 .kt-divider{border-top-width:2px;border-top-color:#eee;width:100%;border-top-style:solid;}<\/style>\n<div class=\"wp-block-kadence-spacer aligncenter kt-block-spacer-_0d23b0-e7\"><div class=\"kt-block-spacer kt-block-spacer-halign-center\" style=\"height:10px\"><hr class=\"kt-divider\" style=\"border-top-color:#eee;border-top-width:2px;width:100%;border-top-style:solid\"\/><\/div><\/div>\n\n\n\n<div class=\"wp-block-columns is-layout-flex wp-container-core-columns-is-layout-9d6595d7 wp-block-columns-is-layout-flex\">\n<div class=\"wp-block-column is-layout-flow wp-block-column-is-layout-flow\" style=\"flex-basis:66.66%\">\n<p class=\"has-text-align-center\" style=\"font-size:24px\"><br><strong>TH\u00cd NGHI\u1ec6M V\u1eacT LI\u1ec6U X\u00c2Y D\u1ef0NG<\/strong><\/p>\n\n\n\n<ul class=\"wp-block-list\"><li>X\u00e1c \u0111\u1ecbnh c\u01b0\u1eddng \u0111\u1ed9 B\u00ea t\u00f4ng<\/li><li>X\u00e1c \u0111\u1ecbnh c\u01b0\u1eddng \u0111\u1ed9 th\u00e9p<\/li><li>X\u00e1c \u0111\u1ecbnh b\u1ec1 d\u00e0y s\u01a1n ph\u1ee7, \u0111o \u0111\u1ed9 c\u1ee9ng kim lo\u1ea1i<\/li><li>\u0110o ki\u1ec3m tra s\u00f3ng \u00e2m ph\u00e1t hi\u1ec7n khuy\u1ebft t\u1eadt.<\/li><li>Th\u1eed nghi\u1ec7m c\u01a1 l\u00fd xi m\u0103ng<\/li><li>Th\u1eed nghi\u1ec7m h\u1ed7n h\u1ee3p b\u00ea t\u00f4ng v\u00e0 b\u00eat\u00f4ng n\u1eb7ng<\/li><li>Th\u1eed nghi\u1ec7m c\u1ed1t li\u1ec7u b\u00ea t\u00f4ng v\u00e0 v\u1eefa<\/li><li>Th\u1eed nghi\u1ec7m v\u1eefa x\u00e2y d\u1ef1ng<\/li><li>Th\u1eed&nbsp; nghi\u1ec7m c\u01a1 l\u00fd g\u1ea1ch x\u00e2y&nbsp;<\/li><li>Th\u00ed nghi\u1ec7m c\u01a1 l\u00fd g\u1ea1ch b\u00ea t\u00f4ng<\/li><li>Th\u1eed nghi\u1ec7m c\u01a1 l\u00fd g\u1ea1ch b\u00ea t\u00f4ng t\u1ef1 ch\u00e8n<\/li><li>Th\u1eed nghi\u1ec7m bentonite<\/li><li>Th\u1eed nghi\u1ec7m c\u01a1 l\u00fd \u0111\u1ea5t trong ph\u00f2ng<\/li><li>Ki\u1ec3m tra th\u00e9p x\u00e2y d\u1ef1ng<\/li><li>Ki\u1ec3m tra m\u1ed1i h\u00e0n<\/li><li>Ki\u1ec3m tra bu l\u00f4ng<\/li><li>Ki\u1ec3m tra c\u00e1p d\u1ef1 \u1ee9ng l\u1ef1c<\/li><li>Ki\u1ec3m tra \u0111\u1ed9 c\u1ee9ng kim lo\u1ea1i<\/li><li>Ki\u1ec3m tra c\u01b0\u1eddng \u0111\u1ed9 b\u00ea t\u00f4ng t\u1ea1i hi\u1ec7n tr\u01b0\u1eddng b\u1eb1ng ph\u01b0\u01a1ng ph\u00e1p ph\u00e1 h\u1ee7y v\u00e0 kh\u00f4ng ph\u00e1 h\u1ee7y<\/li><li>Ki\u1ec3m tra kh\u00f4ng ph\u00e1 ho\u1ea1i x\u00e1c \u0111\u1ecbnh b\u1ec1 r\u1ed9ng v\u00e0 chi\u1ec1u s\u00e2u v\u1ebft n\u1ee9t c\u1ee7a b\u00ea t\u00f4ng<\/li><li>Ph\u00e2n t\u00edch kh\u1ea3 n\u0103ng \u0111\u1ed9 r\u1ec9 m\u00f2n c\u1ed1t th\u00e9p<\/li><li>Tr\u1eafc \u0111\u1ecba c\u00f4ng tr\u00ecnh, quan tr\u1eafc chuy\u1ec3n v\u1ecb c\u00f4ng tr\u00ecnh<\/li><li>Th\u1eed nghi\u1ec7m ch\u1ea5t t\u1ea3i t\u0129nh c\u00f4ng tr\u00ecnh<\/li><li>Th\u1eed nghi\u1ec7m ch\u1ea5t t\u1ea3i t\u0129nh c\u00f4ng tr\u00ecnh<\/li><li>X\u00e1c \u0111\u1ecbnh \u0111\u01b0\u1eddng k\u00ednh c\u1ed1t th\u00e9p b\u1eb1ng ph\u01b0\u01a1ng ph\u00e1p \u0111i\u1ec7n t\u1eeb<\/li><li>X\u00e1c \u0111\u1ecbnh v\u1ecb tr\u00ed c\u00e1p d\u1ef1 \u1ee9ng l\u1ef1c b\u1eb1ng Radar<\/li><li>Th\u00ed nghi\u1ec7m b\u1eb1ng t\u1ea3i tr\u1ecdng t\u0129nh \u00e9p d\u1ecdc tr\u1ee5c<\/li><li>Ki\u1ec3m tra b\u1ec1 d\u00e0y kim lo\u1ea1i b\u1eb1ng si\u00eau \u00e2m<\/li><\/ul>\n<\/div>\n\n\n\n<div class=\"wp-block-column is-layout-flow wp-block-column-is-layout-flow\" style=\"flex-basis:33.33%\">\n<p><\/p>\n\n\n\n<p class=\"has-normal-font-size\"><strong>D\u1ecaCH V\u1ee4<\/strong><\/p>\n\n\n\n<p style=\"font-size:14px\"><strong><a href=\"https:\/\/huyhoangjsc.vn\/?page_id=353\">Ki\u1ec3m \u0111\u1ecbnh c\u00f4ng tr\u00ecnh<\/a><br><a href=\"https:\/\/huyhoangjsc.vn\/?page_id=360\">T\u01b0 v\u1ea5n thi\u1ebft k\u1ebf<\/a><br><a href=\"https:\/\/huyhoangjsc.vn\/?page_id=362\">Th\u1ea9m tra thi\u1ebft k\u1ebf v\u00e0 d\u1ef1 to\u00e1n<\/a><br><a href=\"https:\/\/huyhoangjsc.vn\/?page_id=358\">Thi c\u00f4ng c\u00f4ng tr\u00ecnh<\/a><br><a href=\"https:\/\/huyhoangjsc.vn\/?page_id=368\">Qu\u1ea3n l\u00fd d\u1ef1 \u00e1n v\u00e0 Gi\u00e1m s\u00e1t thi c\u00f4ng<\/a><br><a href=\"https:\/\/huyhoangjsc.vn\/?page_id=370\">Kh\u1ea3o s\u00e1t \u0111\u1ecba ch\u1ea5t v\u00e0 quan tr\u1eafc c\u00f4ng tr\u00ecnh<\/a><br><a href=\"https:\/\/huyhoangjsc.vn\/?page_id=372\">Th\u00ed nghi\u1ec7m v\u1eadt li\u1ec7u x\u00e2y d\u1ef1ng<\/a><\/strong> <\/p>\n<\/div>\n<\/div>\n","protected":false},"excerpt":{"rendered":"<p>TH\u00cd NGHI\u1ec6M V\u1eacT LI\u1ec6U X\u00c2Y D\u1ef0NG X\u00e1c \u0111\u1ecbnh c\u01b0\u1eddng \u0111\u1ed9 B\u00ea t\u00f4ng X\u00e1c \u0111\u1ecbnh c\u01b0\u1eddng \u0111\u1ed9 th\u00e9p X\u00e1c \u0111\u1ecbnh b\u1ec1 d\u00e0y s\u01a1n ph\u1ee7, \u0111o \u0111\u1ed9 c\u1ee9ng kim lo\u1ea1i \u0110o ki\u1ec3m tra s\u00f3ng \u00e2m ph\u00e1t hi\u1ec7n khuy\u1ebft t\u1eadt. Th\u1eed nghi\u1ec7m c\u01a1 l\u00fd xi m\u0103ng Th\u1eed nghi\u1ec7m h\u1ed7n h\u1ee3p b\u00ea t\u00f4ng v\u00e0 b\u00eat\u00f4ng n\u1eb7ng Th\u1eed nghi\u1ec7m c\u1ed1t&hellip;&nbsp;<a href=\"https:\/\/huyhoangjsc.vn\/?page_id=372\" rel=\"bookmark\">\u0110\u1ecdc ti\u1ebfp &raquo;<span class=\"screen-reader-text\">Th\u00ed nghi\u1ec7m v\u1eadt li\u1ec7u x\u00e2y d\u1ef1ng<\/span><\/a><\/p>\n","protected":false},"author":1,"featured_media":0,"parent":72,"menu_order":6,"comment_status":"closed","ping_status":"closed","template":"","meta":{"neve_meta_sidebar":"","neve_meta_container":"","neve_meta_enable_content_width":"on","neve_meta_content_width":100,"neve_meta_title_alignment":"","neve_meta_author_avatar":"","neve_post_elements_order":"","neve_meta_disable_header":"","neve_meta_disable_footer":"","neve_meta_disable_title":"on","footnotes":""},"class_list":["post-372","page","type-page","status-publish","hentry"],"_links":{"self":[{"href":"https:\/\/huyhoangjsc.vn\/index.php?rest_route=\/wp\/v2\/pages\/372","targetHints":{"allow":["GET"]}}],"collection":[{"href":"https:\/\/huyhoangjsc.vn\/index.php?rest_route=\/wp\/v2\/pages"}],"about":[{"href":"https:\/\/huyhoangjsc.vn\/index.php?rest_route=\/wp\/v2\/types\/page"}],"author":[{"embeddable":true,"href":"https:\/\/huyhoangjsc.vn\/index.php?rest_route=\/wp\/v2\/users\/1"}],"replies":[{"embeddable":true,"href":"https:\/\/huyhoangjsc.vn\/index.php?rest_route=%2Fwp%2Fv2%2Fcomments&post=372"}],"version-history":[{"count":7,"href":"https:\/\/huyhoangjsc.vn\/index.php?rest_route=\/wp\/v2\/pages\/372\/revisions"}],"predecessor-version":[{"id":775,"href":"https:\/\/huyhoangjsc.vn\/index.php?rest_route=\/wp\/v2\/pages\/372\/revisions\/775"}],"up":[{"embeddable":true,"href":"https:\/\/huyhoangjsc.vn\/index.php?rest_route=\/wp\/v2\/pages\/72"}],"wp:attachment":[{"href":"https:\/\/huyhoangjsc.vn\/index.php?rest_route=%2Fwp%2Fv2%2Fmedia&parent=372"}],"curies":[{"name":"wp","href":"https:\/\/api.w.org\/{rel}","templated":true}]}}