{"id":510,"date":"2021-11-23T03:05:21","date_gmt":"2021-11-23T03:05:21","guid":{"rendered":"https:\/\/huyhoangjsc.vn\/?page_id=510"},"modified":"2021-12-27T07:12:57","modified_gmt":"2021-12-27T07:12:57","slug":"quan-ly-du-an-va-giam-sat-thi-cong","status":"publish","type":"page","link":"https:\/\/huyhoangjsc.vn\/?page_id=510","title":{"rendered":"Qu\u1ea3n l\u00fd d\u1ef1 \u00e1n v\u00e0 gi\u00e1m s\u00e1t thi c\u00f4ng"},"content":{"rendered":"<style>.wp-block-kadence-spacer.kt-block-spacer-_0d23b0-e7 .kt-block-spacer{height:10px;}.wp-block-kadence-spacer.kt-block-spacer-_0d23b0-e7 .kt-divider{border-top-width:2px;border-top-color:#eee;width:100%;border-top-style:solid;}<\/style>\n<div class=\"wp-block-kadence-spacer aligncenter kt-block-spacer-_0d23b0-e7\"><div class=\"kt-block-spacer kt-block-spacer-halign-center\" style=\"height:10px\"><hr class=\"kt-divider\" style=\"border-top-color:#eee;border-top-width:2px;width:100%;border-top-style:solid\"\/><\/div><\/div>\n\n\n\n<div class=\"wp-block-columns is-layout-flex wp-container-core-columns-is-layout-9d6595d7 wp-block-columns-is-layout-flex\">\n<div class=\"wp-block-column is-layout-flow wp-block-column-is-layout-flow\" style=\"flex-basis:66.66%\">\n<p class=\"has-text-align-center\" style=\"font-size:24px\"><br><strong>QU\u1ea2N L\u00dd D\u1ef0 \u00c1N V\u00c0 GI\u00c1M S\u00c1T THI C\u00d4NG<\/strong><br>(Updating)<\/p>\n<\/div>\n\n\n\n<div class=\"wp-block-column is-layout-flow wp-block-column-is-layout-flow\" style=\"flex-basis:33.33%\">\n<p><\/p>\n\n\n\n<p class=\"has-normal-font-size\"><strong>C\u00d4NG TR\u00ccNH<\/strong><\/p>\n\n\n\n<p style=\"font-size:14px\"> <strong><a href=\"https:\/\/huyhoangjsc.vn\/?page_id=501\">Ki\u1ec3m \u0111\u1ecbnh c\u00f4ng tr\u00ecnh<\/a><br><a href=\"https:\/\/huyhoangjsc.vn\/?page_id=504\">T\u01b0 v\u1ea5n thi\u1ebft k\u1ebf<\/a><br><a href=\"https:\/\/huyhoangjsc.vn\/?page_id=506\">Th\u1ea9m tra thi\u1ebft k\u1ebf v\u00e0 d\u1ef1 to\u00e1n<\/a><br><a href=\"https:\/\/huyhoangjsc.vn\/?page_id=508\">Thi c\u00f4ng c\u00f4ng tr\u00ecnh<\/a><br><a href=\"https:\/\/huyhoangjsc.vn\/?page_id=510\">Qu\u1ea3n l\u00fd d\u1ef1 \u00e1n v\u00e0 Gi\u00e1m s\u00e1t thi c\u00f4ng<\/a><br><a href=\"https:\/\/huyhoangjsc.vn\/?page_id=512\">Kh\u1ea3o s\u00e1t \u0111\u1ecba ch\u1ea5t v\u00e0 quan tr\u1eafc c\u00f4ng tr\u00ecnh<\/a><br><a href=\"https:\/\/huyhoangjsc.vn\/?page_id=514\">Th\u00ed nghi\u1ec7m v\u1eadt li\u1ec7u x\u00e2y d\u1ef1ng<\/a><\/strong> <\/p>\n<\/div>\n<\/div>\n\n\n\n<p class=\"has-text-align-center\"> <strong>C\u00c1C C\u00d4NG TR\u00ccNH \u0110\u00c3 THAM GIA TH\u1ef0C HI\u1ec6N<\/strong> <\/p>\n\n\n\n<table id=\"tablepress-5\" class=\"tablepress tablepress-id-5\">\n<thead>\n<tr class=\"row-1\">\n\t<th class=\"column-1\"><strong>STT<\/strong><\/th><th class=\"column-2\"><strong>T\u00caN C\u00d4NG TR\u00ccNH V\u00c0 C\u00d4NG VI\u1ec6C TH\u1ef0C HI\u1ec6N<\/strong><\/th><th class=\"column-3\"><strong>CH\u1ee6 \u0110\u1ea6U T\u01af<\/strong><\/th>\n<\/tr>\n<\/thead>\n<tbody class=\"row-striping row-hover\">\n<tr class=\"row-2\">\n\t<td class=\"column-1\">1<\/td><td class=\"column-2\">C\u00f4ng tr\u00ecnh: Nh\u00e0 x\u01b0\u1edfng A5<br \/>\n H\u1ea1ng m\u1ee5c: Gi\u00e1m s\u00e1t ch\u1ea5t l\u01b0\u1ee3ng c\u00f4ng tr\u00ecnh<br \/>\n\u0110\u1ecba \u0111i\u1ec3m: KCN T\u00e2n H\u01b0\u01a1ng, X\u00e3 T\u00e2n H\u01b0\u01a1ng, Huy\u1ec7n Ch\u00e2u Th\u00e0nh, T\u1ec9nh Ti\u1ec1n Giang <\/td><td class=\"column-3\">C\u00f4ng ty TNHH D\u1ee5 \u0110\u1ee9c VN<\/td>\n<\/tr>\n<tr class=\"row-3\">\n\t<td class=\"column-1\">2<\/td><td class=\"column-2\">C\u00f4ng tr\u00ecnh: Nh\u00e0 V\u0103n ph\u00f2ng B2<br \/>\nH\u1ea1ng m\u1ee5c: Gi\u00e1m s\u00e1t ch\u1ea5t l\u01b0\u1ee3ng c\u00f4ng tr\u00ecnh<br \/>\n\u0110\u1ecba \u0111i\u1ec3m: KCN T\u00e2n H\u01b0\u01a1ng, X\u00e3 T\u00e2n H\u01b0\u01a1ng, Huy\u1ec7n Ch\u00e2u Th\u00e0nh, T\u1ec9nh Ti\u1ec1n Giang<\/td><td class=\"column-3\">C\u00f4ng ty TNHH D\u1ee5 \u0110\u1ee9c VN<\/td>\n<\/tr>\n<tr class=\"row-4\">\n\t<td class=\"column-1\">3<\/td><td class=\"column-2\">C\u00f4ng tr\u00ecnh: T\u00f2a nh\u00e0 v\u0103n ph\u00f2ng<br \/>\nH\u1ea1ng m\u1ee5c: Gi\u00e1m s\u00e1t ch\u1ea5t l\u01b0\u1ee3ng c\u00f4ng tr\u00ecnh<br \/>\n\u0110\u1ecba \u0111i\u1ec3m: Qu\u1eadn T\u00e2n Ph\u00fa, TP.HCM<\/td><td class=\"column-3\">C\u00f4ng ty TNHH Th\u01b0\u01a1ng m\u1ea1i Tr\u1ea7n Th\u1ebf<\/td>\n<\/tr>\n<tr class=\"row-5\">\n\t<td class=\"column-1\">4<\/td><td class=\"column-2\">C\u00f4ng tr\u00ecnh: Nh\u00e0 x\u01b0\u1edfng B1<br \/>\n H\u1ea1ng m\u1ee5c: Gi\u00e1m s\u00e1t ch\u1ea5t l\u01b0\u1ee3ng c\u00f4ng tr\u00ecnh<br \/>\n\u0110\u1ecba \u0111i\u1ec3m: KCN T\u00e2n H\u01b0\u01a1ng, X\u00e3 T\u00e2n H\u01b0\u01a1ng, Huy\u1ec7n Ch\u00e2u Th\u00e0nh, T\u1ec9nh Ti\u1ec1n Giang<\/td><td class=\"column-3\">C\u00f4ng ty TNHH D\u1ee5 \u0110\u1ee9c VN<\/td>\n<\/tr>\n<tr class=\"row-6\">\n\t<td class=\"column-1\">5<\/td><td class=\"column-2\">C\u00f4ng tr\u00ecnh: Nh\u00e0 C\u00f4ng \u0111o\u00e0n A1<br \/>\n H\u1ea1ng m\u1ee5c: Gi\u00e1m s\u00e1t ch\u1ea5t l\u01b0\u1ee3ng c\u00f4ng tr\u00ecnh<br \/>\n\u0110\u1ecba \u0111i\u1ec3m: KCN T\u00e2n H\u01b0\u01a1ng, X\u00e3 T\u00e2n H\u01b0\u01a1ng, Huy\u1ec7n Ch\u00e2u Th\u00e0nh, T\u1ec9nh Ti\u1ec1n Giang<\/td><td class=\"column-3\">C\u00f4ng ty TNHH D\u1ee5 \u0110\u1ee9c VN<\/td>\n<\/tr>\n<tr class=\"row-7\">\n\t<td class=\"column-1\">6<\/td><td class=\"column-2\">C\u00f4ng tr\u00ecnh: Nh\u00e0 \u0102n A6<br \/>\n H\u1ea1ng m\u1ee5c: Gi\u00e1m s\u00e1t ch\u1ea5t l\u01b0\u1ee3ng c\u00f4ng tr\u00ecnh<br \/>\n\u0110\u1ecba \u0111i\u1ec3m: KCN T\u00e2n H\u01b0\u01a1ng, X\u00e3 T\u00e2n H\u01b0\u01a1ng, Huy\u1ec7n Ch\u00e2u Th\u00e0nh, T\u1ec9nh Ti\u1ec1n Giang<\/td><td class=\"column-3\">C\u00f4ng ty TNHH D\u1ee5 \u0110\u1ee9c VN<\/td>\n<\/tr>\n<tr class=\"row-8\">\n\t<td class=\"column-1\">7<\/td><td class=\"column-2\">C\u00f4ng tr\u00ecnh: C\u1eeda h\u00e0ng <br \/>\nH\u1ea1ng m\u1ee5c: gi\u00e1m s\u00e1t thi c\u00f4ng v\u00e0 thi\u1ebft b\u1ecb x\u00e2y d\u1ef1ng.<br \/>\n\u0110\u1ecba \u0111i\u1ec3m: S\u1ed1 972 \u2013 974 \u0111\u01b0\u1eddng 3-2, Ph\u01b0\u1eddng 12, Qu\u1eadn 11,<\/td><td class=\"column-3\">C\u00f4ng ty C\u1ed5 ph\u1ea7n K\u1ef9 ngh\u1ec7 Vi\u1ec7t Nam S\u00fac S\u1ea3n (VISSAN)<\/td>\n<\/tr>\n<tr class=\"row-9\">\n\t<td class=\"column-1\"><\/td><td class=\"column-2\">V\u00e0 r\u1ea5t nhi\u1ec1u d\u1ef1 \u00e1n, c\u00f4ng tr\u00ecnh kh\u00e1c<\/td><td class=\"column-3\"><\/td>\n<\/tr>\n<\/tbody>\n<\/table>\n<!-- #tablepress-5 from cache -->\n","protected":false},"excerpt":{"rendered":"<p>QU\u1ea2N L\u00dd D\u1ef0 \u00c1N V\u00c0 GI\u00c1M S\u00c1T THI C\u00d4NG(Updating) C\u00d4NG TR\u00ccNH Ki\u1ec3m \u0111\u1ecbnh c\u00f4ng tr\u00ecnhT\u01b0 v\u1ea5n thi\u1ebft k\u1ebfTh\u1ea9m tra thi\u1ebft k\u1ebf v\u00e0 d\u1ef1 to\u00e1nThi c\u00f4ng c\u00f4ng tr\u00ecnhQu\u1ea3n l\u00fd d\u1ef1 \u00e1n v\u00e0 Gi\u00e1m s\u00e1t thi c\u00f4ngKh\u1ea3o s\u00e1t \u0111\u1ecba ch\u1ea5t v\u00e0 quan tr\u1eafc c\u00f4ng tr\u00ecnhTh\u00ed nghi\u1ec7m v\u1eadt li\u1ec7u x\u00e2y d\u1ef1ng C\u00c1C C\u00d4NG TR\u00ccNH \u0110\u00c3 THAM GIA TH\u1ef0C&hellip;&nbsp;<a href=\"https:\/\/huyhoangjsc.vn\/?page_id=510\" rel=\"bookmark\">\u0110\u1ecdc ti\u1ebfp &raquo;<span class=\"screen-reader-text\">Qu\u1ea3n l\u00fd d\u1ef1 \u00e1n v\u00e0 gi\u00e1m s\u00e1t thi c\u00f4ng<\/span><\/a><\/p>\n","protected":false},"author":1,"featured_media":0,"parent":441,"menu_order":4,"comment_status":"closed","ping_status":"closed","template":"","meta":{"neve_meta_sidebar":"","neve_meta_container":"","neve_meta_enable_content_width":"on","neve_meta_content_width":100,"neve_meta_title_alignment":"","neve_meta_author_avatar":"","neve_post_elements_order":"","neve_meta_disable_header":"","neve_meta_disable_footer":"","neve_meta_disable_title":"on","footnotes":""},"class_list":["post-510","page","type-page","status-publish","hentry"],"_links":{"self":[{"href":"https:\/\/huyhoangjsc.vn\/index.php?rest_route=\/wp\/v2\/pages\/510","targetHints":{"allow":["GET"]}}],"collection":[{"href":"https:\/\/huyhoangjsc.vn\/index.php?rest_route=\/wp\/v2\/pages"}],"about":[{"href":"https:\/\/huyhoangjsc.vn\/index.php?rest_route=\/wp\/v2\/types\/page"}],"author":[{"embeddable":true,"href":"https:\/\/huyhoangjsc.vn\/index.php?rest_route=\/wp\/v2\/users\/1"}],"replies":[{"embeddable":true,"href":"https:\/\/huyhoangjsc.vn\/index.php?rest_route=%2Fwp%2Fv2%2Fcomments&post=510"}],"version-history":[{"count":7,"href":"https:\/\/huyhoangjsc.vn\/index.php?rest_route=\/wp\/v2\/pages\/510\/revisions"}],"predecessor-version":[{"id":903,"href":"https:\/\/huyhoangjsc.vn\/index.php?rest_route=\/wp\/v2\/pages\/510\/revisions\/903"}],"up":[{"embeddable":true,"href":"https:\/\/huyhoangjsc.vn\/index.php?rest_route=\/wp\/v2\/pages\/441"}],"wp:attachment":[{"href":"https:\/\/huyhoangjsc.vn\/index.php?rest_route=%2Fwp%2Fv2%2Fmedia&parent=510"}],"curies":[{"name":"wp","href":"https:\/\/api.w.org\/{rel}","templated":true}]}}